the value of -4 + (-10 - -23) + -1?
8
What is the value of (54 - 34) + -30 - ((-11 - 0) + 1)?
0
7 - (5 + (-2 - -5) + (-1 - 8))
8
Evaluate 59 + -66 + (3 - 3).
-7
-2 + 6 + -3 + (16 - 4)
13
What is the value of 17 + -3 - (12 - -4 - 6)?
4
What is (-22 - (-23 - -14 - 1)) + 14?
2
What is the value of -28 - (13 + (-5 - (19 - 9)))?
-26
-61 + 79 - (2 + -2 + (6 - 3))
15
Calculate -15 + 27 + -58 + 61.
15
1 - (-8 + 7 + -2 + -3)
7
Evaluate 136 + -109 + (4 - (17 + -3)).
17
(17 - -1) + -44 - (15 + -14)
-27
Evaluate -19 - -29 - 19 - -16.
7
What is the value of (2 + -1 - 4) + -1 + -8 + 3?
-9
17 - (13 - 2) - (2 + -5)
9
Evaluate -1 + 14 - (-114 + 121).
6
What is -3 - -3 - (14 - 13 - -5)?
-6
What is (-5 - (0 + -5)) + (1 - (9 - 1))?
-7
What is the value of 3 + 3 + 2 + 2 + -13?
-3
What is 45 + (-61 - -5) - (6 - 1)?
-16
Evaluate 9 + -6 + -4 + 9.
8
(-52 - -86) + -5 + 1 - (7 + 1)
22
Calculate 43 + (45 - 61) + (-2 - (7 - 2)).
20
What is the value of 1 + 10 + -31 + 15?
-5
What is -7 - -4 - (8 - (-12 + 17))?
-6
What is (0 - 11 - (-6 + (4 - 4))) + 6?
1
-12 + 5 + (1 - 1) - (8 + -10)
-5
What is -1 + 16 + -2 + -2 + -4?
7
-19 + (9 - 8) - -38
20
Evaluate 3 + -12 + -2 + (8 - 9) + -2.
-14
What is the value of (-8 - (-16 + 6) - (-1 + 2)) + 9?
10
(7 - -2) + -339 + 319
-11
Calculate 8 + 0 + (-2 - (8 + -4)).
2
(-8 - 0) + (-77 - -87)
2
Evaluate 6 + (8 - 5) - 13.
-4
What is -144 + 131 + (0 - 0)?
-13
-21 + 19 - (-7 + 12)
-7
Evaluate -7 + (7 - 6 - (4 - 3)).
-7
Calculate (1 - -3) + (-88 - -96).
12
Calculate (-12 - -21) + 0 + -11 + (7 - 2).
3
What is the value of 66 + -40 + (3 + -18 - -4)?
15
Evaluate -11 + 5 + (12 - 10) + -3.
-7
What is (50 - 47) + (-4 - -1)?
0
Calculate (2 + -9 - (-58 - -42)) + 2 - -7.
18
Evaluate -740 - -766 - ((2 - 2 - -3) + 8).
15
Calculate 55 + -52 + ((1 - 1) + 1 - 4).
0
What is -57 + -32 + 60 + -3?
-32
Calculate -11 + (-5 + -2 - (12 + -64 + 21)).
13
(-5 - -26 - -5) + -37
-11
Evaluate 1 + (-2 - (0 + -4 + (11 - 4))).
-4
Evaluate 5 + -7 + (24 - 10) - 29.
-17
What is the value of -1 - ((4 - 8) + -8)?
11
What is the value of (15 - (5 + -20)) + -12?
18
Calculate (3 - 15) + -42 + 32 + (1 - -5).
-16
What is -6 + -1 + 35 + -12 + -2?
14
What is the value of 4 + -29 + (15 - 15 - (-1 + 7))?
-31
What is -16 - 12 - (-7 - -3)?
-24
Evaluate 8 + -2 + (4 - (3 - (-4 + 1))).
4
4 + -6 + 3 + (-5 - -1 - -1)
-2
What is the value of 12 + (-126 - -97) + -1 + 2 + 2?
-14
Calculate -1 + 1 + 88 + -70 + -2 + -7.
9
Calculate 4 - (-3 - -4) - (-8 + 5) - 19.
-13
Evaluate (-5 + 0 - (-5 - -7)) + -7.
-14
-50 + (42 - (13 - 3))
-18
Evaluate 33 - (-7 + 4 + 35).
1
Calculate (1 - -1) + (-42 - -12 - -19) - -25.
16
34 + -43 - (0 + -16) - 5
2
Calculate 45 - 35 - (6 - 0).
4
0 + -14 + -163 + 171
-6
What is -152 - -145 - (0 + 3 + 16)?
-26
Calculate 7 + (30 - (-3 + 8 - 1)).
33
What is -282 + 269 - (-6 - (-1 + 0)) - 10?
-18
What is -7 + 27 + (-22 - -13)?
11
What is the value of 0 - (0 + 0) - (3 + -12 + 17)?
-8
(16 + 43 - 28) + -31
0
What is 32 - 25 - (4 - (1 + -1 + -10))?
-7
What is -27 + 66 + -45 + 23?
17
What is the value of -3 + 3 + -3 - (13 - 10)?
-6
-13 - (11 + (-15 - -4 - -9))
-22
0 + 16 + (1 - (-3 + -11 - -14))
17
-11 + (-1 + 0 - 4) + 14
-2
-7 + (-3 - 12) + 11
-11
What is the value of (-1 - -6) + (8 - 1 - (21 + -5))?
-4
Calculate 12 - (-5 + (9 - -22)).
-14
What is -38 - -53 - (-4 - -29)?
-10
Calculate 54 + -83 - (-45 - -4).
12
What is (-7 - (-10 - (16 - 9))) + 0?
10
Evaluate (0 - 0) + -19 + 37 + (-31 - -12).
-1
-25 - (26 - 57) - 31
-25
Calculate -7 - (-16 + 22 - 1).
-12
-3 - (-1 + -2 + 11 + -1)
-10
What is -15 - (-18 - (17 + -13))?
7
What is (-2 - 33 - -15) + (6 - 7)?
-21
7 - (42 - 16) - -11
-8
What is the value of -2 + 14 + -8 + 6?
10
Evaluate -1 + (13 + -16 - (2 + -41 + 6)).
29
What is the value of (3 - -3 - -10) + -6 - (-3 - -9)?
4
Calculate (-3 - (6 - (10 + 5) - -3)) + 12.
15
What is the value of (-3 - -12) + (-37 - -31) + (0 - -3)?
6
5 + 0 + -3 + -74 + 71
-1
What is -51 - -53 - (-3 + 0) - -1?
6
Evaluate 24 + -3 + -1 + -3 + 1.
18
(5 - (8 + -2)) + -3 + 1
-3
What is -4 + (5 + 1 - (-3 + -27 + 8))?
24
14 - (46 + 14 + -15)
-31
Evaluate -4 + -3 + 19 + (0 - 5) + 6.
13
What is 4 + 4 - (4 + 0) - (2 - 5)?
7
Calculate -31 - (-1 + 0 - 2 - 12).
-16
30 + -49 + 6 + 16
3
What is the value of (26 - 4 - (15 + -4)) + -4?
7
Evaluate -4 + 0 + 21 + -17 + 2 + 4.
6
Evaluate 31 + 11 + -41 - (0 - 7).
8
What is -11 - (0 + -41 + -22 + (36 - 5))?
21
Calculate (23 + -41 - -33) + -30.
-15
What is the value of 3 + 17 - (36 - 24)?
8
Evaluate -7 - (1 + -15 + 0) - -16.
23
Calculate -14 + -3 + -13 + 13.
-17
What is the value of 2 + 4 + -8 + 5 + -2 + 3?
4
Calculate 22 + (1 - 6 - -6 - 10).
13
Evaluate -7 + 4 - ((5 - 2) + -12).
6
What is the value of -6 - -12 - 2 - -9?
13
What is the value of 26 + (10 - (19 - 3))?
20
(-8 - -26) + -22 + -28
-32
Calculate 10 + 1 + -2 - (1390 - 1422) - 10.
31
What is -1 + (12 - -1) - (79 - (52 - -24))?
9
Evaluate 68 - 78 - (-11 + -1).
2
Calculate 9 + 15 + -1 + -1 + -8.
14
What is 7 + 1 + 1 + 5 + -8 - 1?
5
(21 - 1) + -13 + (-3 - 1)
3
What is 16 - (27 + -20 + 13)?
-4
(0 - 2) + (-4 - -3) + -3 - -7
1
Evaluate -1 + -18 - (-2928 + 2881).
28
What is 29 - ((41 - -9) + -25)?
4
What is -1 + -7 + (-18 - (-47 + 17) - 34)?
-30
37 - (-40 - -44) - (2 + 1 + -2)
32
-10 + (28 - 17 - -1)
2
Evaluate (9 - (-41 - -22)) + 6.
34
Evaluate (-36 - (-35 + 16)) + (6 - (0 - 1)).
-10
59 + -45 + (-4 - -7 - 4)
13
What is the value of (-20 + 15 - -3) + 5?
3
Calculate 5 + 2 + (-58 + 24 - -21).
-6
What is the value of (-5 - (-6 - 12)) + -13 + (-5 - 0)?
-5
What is -10 + 6 - -9 - 1 - (49 + -53)?
8
-33 - -20 - (-4 - (0 + 21))
12
Evaluate 9 + (10 - 7) + -6 - 16.
-10
2 + (-5 - -13) + -2
8
Evaluate -11 + (-4 - -4) + 8 + -2.
-5
Calculate (-3 - (0 + (2 - 3))) + 112 + -106.
4
What is the value of 10 + 4 + ((0 - -7) + -16 - -11)?
16
Calculate (-43 - -1) + -1 + 47 + -31.
-27
7 + (11 - 23) + (16 - -3)
14
Evaluate 16 - 4 - (0 - (-1 + 0)).
11
5 + -1 + (0 - (-3 + 13))
-6
Evaluate 16 + -9 + 75 + -77.
5
Evaluate (-11 - 11) + (31 - 36).
-27
4 + -2 + -1 + -3 + -3 + 0
-5
-5 + 4 + -10 + 3 + 9
1
Evaluate 13 + -20 + (9 - 1).
1
Calculate 8 + (15 - 7 - (8 - (-3 + 5))).
10
What is the value of (4 - 7) + (309 - 278)?
28
(-19 - -21) + 11 + -2 + -23
-12
Calculate -15 + 12 - ((2 + -2 - -5) + -2).
-6
Evaluate 0 - -5 - (7 - (17 - (25 + -11))).
1
What is -1 + 3 + -7 + (5 - (-4 + 16))?
-12
What is the value of (-2 - 1 - -8) + -14 - -5?
-4
Evaluate -18 + 0 + -8 + (18 - 3).
-11
What is (10 - (-4 - -28)) + 9?
-5
What is the value of -4 + (23 - 14) - 11?
-6
Evaluate -16 + (4 - -1) + (-2 - 1) - 3.
-17
What is 12 + -19 - ((3 - 1) + -1)?
-8
What is -10 - -7 - (6 - 1 - (-4 - -1))?
-11
What is 5 + 2 + -16 + (-14 - -4)?
-19
Evaluate (3 - 9 - -7) + 2 - -5 - -3.
11
Evaluate 15 + -15 - (1 - (9 + 0)).
8
Evaluate -4 - 1 - -6 - 8.
-7
Evaluate 34 - (8 - (13 - (13 + 12))).
14
-14 + 15 - -1 - (-1 - -15)
-12
What is -19 - (-331 + 334 + -8 + (1 - 0))?
-15
What is 14 + -25 + 3 + (-1 - -2) + -8?
-15
-2 + -2 + (0 - 1) + 13 + 2
10
What is the value of (-15 - -25 - (8 + 2)) + -10?
-10
What is the value of -323 - -327 - ((1 - 1) + -6)?
10
Evaluate 1 + 0 - (-9 - -11 - 1).
0
What is the value of (3 - 4) + -31 - -14?
-18
Evaluate (-2 - (-1 - -3)) + (47 - (26 + 20)).
-3
What is the value of 66 + -44 + -1 + -3 + -2?
16
What is 0 + 7 + -12 + 0 + (-4 - -1)?
-8
Calculate -18 - (-12 - 19) - (-8 - 0).
21
Calculate -35 - (44 - 55 - 27).
3
What is 7 + -1 - (495 + -481)?
-8
Calculate (0 - (-11 + 15)) + 14.
10
What is -11 - ((-1 - -1) + -1 + (126 - 126))?
-10
Evaluate -40 - (5 + 3 + (8 - 16) + -9).
-31
What is the value of 4 - ((-5 - (2 + -8)) + 17 + -6)?
-8
What is the value of (-7 - 48 - -57) + (2 - -15)?
19
-11 + 3 + -5 - (-34 + 16)
5
What is the value of 5 + -2 + (-4 - (-4 - -8))?
-5
Evaluate -1 + 2 + (7 - 3) + (11 - 0).
16
Evaluate -1 + 27 - (41 + -34).
19
3 + (0 - (-4 + -2 + (6 - 4)))
7
What is the value of 6 + 2 + -13 - 12 - (-2 + 7)?
-22
Calculate 27 + -25 - (-1 - -3) - (11 + 1).
-12
What is (0 - 13) + 4 + (15 - 3)?
3
What is the value of 1 - ((11 - 2) + (-10 - -2) - -26)?
-26
Evaluate (10 - (38 + -14)) + 23.
9
What is (0 - 8 - (39 + -43)) + 13 + 1?
10
What is -13 + (-7 - (10 - 9) - -1) + 2?
-18
Evaluate -9 - 1 - (-58 - (74 + -114)).
8
Evaluate 1 + (14 + -6 + -12 - 3).
-6
6 + (-5 - (2 + 1)) - -3 - 2
-1
What 